{"id":220,"date":"2023-11-29T15:24:47","date_gmt":"2023-11-29T15:24:47","guid":{"rendered":"https:\/\/sistemasrbt.com\/?page_id=220"},"modified":"2023-11-29T15:58:21","modified_gmt":"2023-11-29T15:58:21","slug":"selladora-manual","status":"publish","type":"page","link":"https:\/\/sistemasrbt.com\/?page_id=220","title":{"rendered":"SELLADORA MANUAL"},"content":{"rendered":"\n<div class=\"wp-block-columns is-layout-flex wp-container-core-columns-layout-2 wp-block-columns-is-layout-flex\">\n<div class=\"wp-block-column is-layout-flow wp-block-column-is-layout-flow\">\n<p>La&nbsp; Selladora mini HS Son dos modelos de selladoras manuales personales, presentan un avanzado control l\u00f3gico&nbsp;electr\u00f3nico con un dispositivo t\u00e1ctil y una pantalla digital con&nbsp;el que controlar f\u00e1cilmente y de forma intuitiva el proceso de&nbsp;sellado.<\/p>\n\n\n\n<p>Fabricada con materiales duros a la par que ligeros,\u00a0goza de una gran durabilidad y un alto ratio de horas de\u00a0trabajo. Las carcasas exteriores y protecciones tienen un alto\u00a0nivel de resistencia calor\u00edfica.\u00a0<\/p>\n\n\n\n<p>La Selladora mini HS cuentan con un\u00a0 exclusivo y\u00a0r\u00e1pido sistema para abrir la maquina, pensado para realizar\u00a0las tares de mantenimiento en el m\u00ednimo tiempo posible.<\/p>\n\n\n\n<p>La Selladora HS peque\u00f1a pero potente sella muchos&nbsp;materiales pl\u00e1sticos blandos incluidos LDPE, LLDPE y&nbsp;muchos otros, adem\u00e1s de muchos tipos de materiales duros como papel de aluminio laminado, papel de capas, celof\u00e1n y&nbsp;muchos otros. Pese a estar dise\u00f1ada como una port\u00e1til,&nbsp;puede ser montada en un banco para el trabajo normal.<\/p>\n\n\n\n<p>Existen dos versiones de la Selladora HS, la HS-B,&nbsp;con sistema de tracci\u00f3n y sellado mediante la presi\u00f3n&nbsp;ejercida por 2 correas dentadas enfrentadas. Y el modelo&nbsp;HS-C, que sella mediante la presi\u00f3n ejercida por 2 bandas&nbsp;tefonadas enfrentadas entre si, en ambos casos con&nbsp;refrigeraci\u00f3n de mordazas y soldadura integradas.<\/p>\n<\/div>\n\n\n\n<div class=\"wp-block-column is-layout-flow wp-block-column-is-layout-flow\"><div class=\"wp-block-image\">\n<figure class=\"aligncenter size-full\"><img loading=\"lazy\" decoding=\"async\" width=\"351\" height=\"225\" src=\"https:\/\/sistemasrbt.com\/wp-content\/uploads\/2023\/11\/740-2.jpg\" alt=\"\" class=\"wp-image-233\" srcset=\"https:\/\/sistemasrbt.com\/wp-content\/uploads\/2023\/11\/740-2.jpg 351w, https:\/\/sistemasrbt.com\/wp-content\/uploads\/2023\/11\/740-2-300x192.jpg 300w\" sizes=\"(max-width: 351px) 100vw, 351px\" \/><\/figure><\/div>\n\n\n<p><\/p>\n\n\n\n<div class=\"wp-block-columns is-layout-flex wp-container-core-columns-layout-1 wp-block-columns-is-layout-flex\">\n<div class=\"wp-block-column is-layout-flow wp-block-column-is-layout-flow\">\n<figure class=\"wp-block-image size-full\"><img loading=\"lazy\" decoding=\"async\" width=\"351\" height=\"225\" src=\"https:\/\/sistemasrbt.com\/wp-content\/uploads\/2023\/11\/741-2.jpg\" alt=\"\" class=\"wp-image-234\" srcset=\"https:\/\/sistemasrbt.com\/wp-content\/uploads\/2023\/11\/741-2.jpg 351w, https:\/\/sistemasrbt.com\/wp-content\/uploads\/2023\/11\/741-2-300x192.jpg 300w\" sizes=\"(max-width: 351px) 100vw, 351px\" \/><\/figure>\n<\/div>\n\n\n\n<div class=\"wp-block-column is-layout-flow wp-block-column-is-layout-flow\">\n<figure class=\"wp-block-image size-full\"><img loading=\"lazy\" decoding=\"async\" width=\"351\" height=\"225\" src=\"https:\/\/sistemasrbt.com\/wp-content\/uploads\/2023\/11\/742-2.jpg\" alt=\"\" class=\"wp-image-235\" srcset=\"https:\/\/sistemasrbt.com\/wp-content\/uploads\/2023\/11\/742-2.jpg 351w, https:\/\/sistemasrbt.com\/wp-content\/uploads\/2023\/11\/742-2-300x192.jpg 300w\" sizes=\"(max-width: 351px) 100vw, 351px\" \/><\/figure>\n<\/div>\n<\/div>\n<\/div>\n<\/div>\n\n\n\n<p><\/p>\n","protected":false},"excerpt":{"rendered":"<p>La&nbsp; Selladora mini HS Son dos modelos de selladoras manuales personales, presentan un avanzado control l\u00f3gico&nbsp;electr\u00f3nico con un dispositivo t\u00e1ctil y una pantalla digital con&nbsp;el que controlar f\u00e1cilmente y de&#8230;<\/p>\n","protected":false},"author":2,"featured_media":0,"parent":97,"menu_order":0,"comment_status":"closed","ping_status":"closed","template":"","meta":{"_kad_post_transparent":"","_kad_post_title":"","_kad_post_layout":"","_kad_post_sidebar_id":"","_kad_post_content_style":"","_kad_post_vertical_padding":"","_kad_post_feature":"","_kad_post_feature_position":"","_kad_post_header":false,"_kad_post_footer":false,"_kad_post_classname":"","footnotes":""},"_links":{"self":[{"href":"https:\/\/sistemasrbt.com\/index.php?rest_route=\/wp\/v2\/pages\/220"}],"collection":[{"href":"https:\/\/sistemasrbt.com\/index.php?rest_route=\/wp\/v2\/pages"}],"about":[{"href":"https:\/\/sistemasrbt.com\/index.php?rest_route=\/wp\/v2\/types\/page"}],"author":[{"embeddable":true,"href":"https:\/\/sistemasrbt.com\/index.php?rest_route=\/wp\/v2\/users\/2"}],"replies":[{"embeddable":true,"href":"https:\/\/sistemasrbt.com\/index.php?rest_route=%2Fwp%2Fv2%2Fcomments&post=220"}],"version-history":[{"count":5,"href":"https:\/\/sistemasrbt.com\/index.php?rest_route=\/wp\/v2\/pages\/220\/revisions"}],"predecessor-version":[{"id":242,"href":"https:\/\/sistemasrbt.com\/index.php?rest_route=\/wp\/v2\/pages\/220\/revisions\/242"}],"up":[{"embeddable":true,"href":"https:\/\/sistemasrbt.com\/index.php?rest_route=\/wp\/v2\/pages\/97"}],"wp:attachment":[{"href":"https:\/\/sistemasrbt.com\/index.php?rest_route=%2Fwp%2Fv2%2Fmedia&parent=220"}],"curies":[{"name":"wp","href":"https:\/\/api.w.org\/{rel}","templated":true}]}}