{"id":61,"date":"2023-08-30T11:32:11","date_gmt":"2023-08-30T11:32:11","guid":{"rendered":"https:\/\/sistemasrbt.com\/?page_id=61"},"modified":"2023-11-13T18:36:37","modified_gmt":"2023-11-13T18:36:37","slug":"sobre-nosotros","status":"publish","type":"page","link":"https:\/\/sistemasrbt.com\/?page_id=61","title":{"rendered":"Sobre nosotros"},"content":{"rendered":"\n<figure class=\"wp-block-image size-full is-resized\"><img loading=\"lazy\" decoding=\"async\" width=\"754\" height=\"166\" src=\"https:\/\/sistemasrbt.com\/wp-content\/uploads\/2023\/11\/1-1.png\" alt=\"\" class=\"wp-image-187\" style=\"width:1098px;height:auto\" srcset=\"https:\/\/sistemasrbt.com\/wp-content\/uploads\/2023\/11\/1-1.png 754w, https:\/\/sistemasrbt.com\/wp-content\/uploads\/2023\/11\/1-1-300x66.png 300w, https:\/\/sistemasrbt.com\/wp-content\/uploads\/2023\/11\/1-1-600x132.png 600w\" sizes=\"(max-width: 754px) 100vw, 754px\" \/><\/figure>\n\n\n\n<p class=\"has-medium-font-size\"><strong>Sistemas RBT<\/strong>, hoy como marca, viene desarroll\u00e1ndose en pa\u00edses como el Reino Unido y Alemania, y en general en toda Europa,&nbsp;desde hace 35 a\u00f1os, y concretamente en Espa\u00f1a desde hace 31 procedente de otras marcas en origen.&nbsp;<\/p>\n\n\n\n<p class=\"has-medium-font-size\">Cuenta, con un grupo humano que sigue estudiando y desarrollando equipos, principalmente de \u201cfinales de l\u00ednea\u201d de embalaje,&nbsp;produciendo con la marca&nbsp;<strong>RBT<\/strong>, y poniendo a disposici\u00f3n de nuestros clientes el Servicio T\u00e9cnico y el servicio de venta de repuestos.&nbsp;<\/p>\n\n\n\n<p class=\"has-medium-font-size\"><strong>ACTIVIDAD :<\/strong>&nbsp;Dentro de los equipos que fabricamos en&nbsp;<strong>Sistemas RBT,<\/strong>&nbsp;podemos distinguir entre cuatro tipos.&nbsp;<\/p>\n\n\n\n<p class=\"has-medium-font-size\">Equipos para el cierre de bolsas y sacos \u201ca boca abierta\u201d, resolviendo con un liderazgo indiscutible pr\u00e1cticamente todas las&nbsp;dificultades que se pueden presentar en todos los sectores, y principalmente en los de alimentaci\u00f3n y productos qu\u00edmicos.&nbsp;<\/p>\n\n\n\n<p class=\"has-medium-font-size\">Equipos de envoltura horizontal y\/o retr\u00e1ctil, principalmente en el mercado de la alimentaci\u00f3n.&nbsp;<\/p>\n\n\n\n<p class=\"has-medium-font-size\">Equipos de envoltura de film retr\u00e1ctil, a partir de dos bobinas de film con soldadura, o de una sola bobina de film sin soldadura. <\/p>\n\n\n\n<p class=\"has-medium-font-size\">Estos&nbsp;equipos se fabrican desde el concepto semiautom\u00e1tico m\u00e1s simple hasta la m\u00e1s compleja tecnolog\u00eda de automatismos, estando&nbsp;capacitados para cubrir las m\u00e1s altas demandas del mercado, aplicables pr\u00e1cticamente a casi todos los sectores industriales.&nbsp;<\/p>\n\n\n\n<p class=\"has-medium-font-size\">De forma an\u00e1loga a lo anteriormente expuesto, tambi\u00e9n fabricamos en el campo de las \u201cencartonadoras\u201d, en el de los sistemas \u201ctray-&nbsp;former\u201d, \u201ctray-around\u201d, o \u201cwraparound\u201d, seg\u00fan espacios y requerimientos, si bien hoy se tiende m\u00e1s a formar la caja o bandeja&nbsp;alrededor del producto o de su agrupaci\u00f3n.&nbsp;<\/p>\n\n\n\n<p class=\"has-medium-font-size\">Equipos de secado y estirilizaci\u00f3n por microondas, innovando en tecnologia.&nbsp;<\/p>\n\n\n\n<p class=\"has-medium-font-size\"><strong>MERCADO:<\/strong>&nbsp;Nos encontramos establecidos tanto en el mercado nacional como en el internacional, atendi\u00e9ndoles bien directamente o bien a trav\u00e9s&nbsp;de nuestros colaboradores. <\/p>\n\n\n\n<p class=\"has-medium-font-size\"><strong>CLIENTES :<\/strong>&nbsp;Podemos decir que actualmente&nbsp;<strong>Sistemas RBT&nbsp;<\/strong>&nbsp;cuenta con m\u00e1s de 1.500 Clientes, entre los que podemos encontrar desde las&nbsp;firmas m\u00e1s peque\u00f1as a las m\u00e1s importantes y representativas de todos los sectores industriales, y ser\u00eda imposible citarlas todas sin&nbsp;obviar firmas tan importantes como amigos y colaboradores con los que mantenemos contacto desde hace a\u00f1os.&nbsp;<\/p>\n\n\n\n<p class=\"has-medium-font-size\"><strong>SERVICIOS :<\/strong>&nbsp;El Departamento de Ingenier\u00eda, que en continuo desarrollo en I+D y bas\u00e1ndose en nuestros est\u00e1ndares de fabricaci\u00f3n, crea&nbsp;dispositivos y sistemas autom\u00e1ticos para manejar los diversos productos que los Clientes nos encomiendan.&nbsp;Asimismo, ofrecemos Asistencia posventa en cuanto a Servicio T\u00e9cnico y Venta de Repuestos.&nbsp;<\/p>\n\n\n\n<p class=\"has-medium-font-size\"><\/p>\n\n\n\n<p class=\"has-medium-font-size\"><strong>FILOSOF\u00cdA Y ESTRATEGIA: Sistemas RBT&nbsp;<\/strong>&nbsp;tiene como objetivo mantenerse en la primera l\u00ednea en lo referente al nivel t\u00e9cnico y de desarrollo de sus servicios,&nbsp;para conseguir unos resultados satisfactorios para sus Clientes. Este objetivo global se apoya en la Pol\u00edtica de Calidad de la empresa,&nbsp;orientada a la satisfacci\u00f3n del Cliente y de la nuestra propia, fundamentada en la mejora continua de todas las \u00e1reas de la empresa.&nbsp;Dejando en segundo t\u00e9rmino la fabricaci\u00f3n en serie, nos hemos especializado en dar soluciones a demandas espec\u00edficas,&nbsp;solucionando de forma satisfactoria la problem\u00e1tica de su propio producto, presentaci\u00f3n, ahorro de costes y ubicaciones en espacios&nbsp;concretos y dificultosos.<\/p>\n","protected":false},"excerpt":{"rendered":"<p>Sistemas RBT, hoy como marca, viene desarroll\u00e1ndose en pa\u00edses como el Reino Unido y Alemania, y en general en toda Europa,&nbsp;desde hace 35 a\u00f1os, y concretamente en Espa\u00f1a desde hace&#8230;<\/p>\n","protected":false},"author":1,"featured_media":0,"parent":0,"menu_order":0,"comment_status":"closed","ping_status":"closed","template":"","meta":{"_kad_post_transparent":"","_kad_post_title":"","_kad_post_layout":"","_kad_post_sidebar_id":"","_kad_post_content_style":"","_kad_post_vertical_padding":"","_kad_post_feature":"","_kad_post_feature_position":"","_kad_post_header":false,"_kad_post_footer":false,"_kad_post_classname":"","footnotes":""},"_links":{"self":[{"href":"https:\/\/sistemasrbt.com\/index.php?rest_route=\/wp\/v2\/pages\/61"}],"collection":[{"href":"https:\/\/sistemasrbt.com\/index.php?rest_route=\/wp\/v2\/pages"}],"about":[{"href":"https:\/\/sistemasrbt.com\/index.php?rest_route=\/wp\/v2\/types\/page"}],"author":[{"embeddable":true,"href":"https:\/\/sistemasrbt.com\/index.php?rest_route=\/wp\/v2\/users\/1"}],"replies":[{"embeddable":true,"href":"https:\/\/sistemasrbt.com\/index.php?rest_route=%2Fwp%2Fv2%2Fcomments&post=61"}],"version-history":[{"count":5,"href":"https:\/\/sistemasrbt.com\/index.php?rest_route=\/wp\/v2\/pages\/61\/revisions"}],"predecessor-version":[{"id":201,"href":"https:\/\/sistemasrbt.com\/index.php?rest_route=\/wp\/v2\/pages\/61\/revisions\/201"}],"wp:attachment":[{"href":"https:\/\/sistemasrbt.com\/index.php?rest_route=%2Fwp%2Fv2%2Fmedia&parent=61"}],"curies":[{"name":"wp","href":"https:\/\/api.w.org\/{rel}","templated":true}]}}